*v + 7*g - 2*g + 15, 2*v - 6 = 2*g. Suppose v*s - 37 = -3*y + s, y - 15 = -s. Let q = -8 + y. What are the prime factors of q?
5
Let g(q) be the third derivative of -q**6/120 - q**4/24 + 17*q**3/3 + q**2. Let w be g(0). Suppose 10 = -3*m + w. List the prime factors of m.
2
Suppose 3*k + 117 = 6*k. List the prime factors of k.
3, 13
Let s(u) be the second derivative of -3*u**5/20 - u**4/12 + u**2/2 + 2*u. Let t be s(-1). Suppose 10 = x - 3*x, -3*c = -t*x - 51. List the prime factors of c.
2, 3
Suppose 3*o + 64 = 6*o + 5*y, -3*o + 67 = 2*y. Suppose -o = -3*t - 2*x, 3*t = -3*x - 1 + 19. Let j = 16 - t. What are the prime factors of j?
5
Suppose -b = -0*b - 4. Suppose -2*n + 5*h + 34 = -18, -86 = -b*n + h. List the prime factors of n.
3, 7
Let d be 1 + -1 + (10 - -3). Suppose 0 = r - 5*b - 43 + 14, b + d = 2*r. What are the prime factors of r?
2
Suppose 0*j = 3*j. Suppose 2*o - o - 36 = j. Suppose -o = -3*t + 3*y - 8*y, -t = -y - 12. List the prime factors of t.
2, 3
Let d = 58 - 104. Let x be (-2)/6 + d/(-3). Suppose 30 = 3*f - x. List the prime factors of f.
3, 5
Suppose -5*y + 77 = 3*o - 253, o = 5*y + 110. What are the prime factors of o?
2, 5, 11
Let l(w) = -w**2 - 9*w + 3. Suppose 2*z = -f + 2, -2*z + 31 = -2*f + z. What are the prime factors of l(f)?
11
Let u be (-4)/(-2) - (2 + -2). Suppose 5 = -3*s + u, -2*s = -2*n - 26. Let d = -8 - n. What are the prime factors of d?
2, 3
What are the prime factors of 4 - (296/(-2) + (-1 - -4))?
149
Suppose -5*c = 5, 2 = -5*f - c + 16. What are the prime factors of f?
3
Let t(u) be the second derivative of 0 + 2*u - 1/20*u**5 + 1/6*u**3 + u**2 - 1/12*u**4. List the prime factors of t(-2).
2
Let y(v) = 4*v**2 - 12*v + 10. List the prime factors of y(6).
2, 41
Let v(t) = -47*t. List the prime factors of v(-1).
47
Let k be (-30)/5*(-7)/2. Suppose 0 = 7*b - 4*b - k. Suppose -3*o - 1 = -b. What are the prime factors of o?
2
Suppose j + 0*j = 2*a, 10 = 5*a. Let q be (-9)/(-6)*12/(-9). List the prime factors of (j/2)/q - -4.
3
Let s be (-17)/(0 - 2 - -1). Suppose -s - 23 = -5*j. Suppose -3*a = -3*b - 12, -2*a + j = 2*a + 4*b. What are the prime factors of a?
3
Suppose -3*v - 52 = -m, 4*m - 164 = -0*m + v. Let r = 64 - m. What are the prime factors of r?
2, 3
Let k = -55 - -136. What are the prime factors of k?
3
Let x = 77 - 27. What are the prime factors of x?
2, 5
Let j(c) = -c**2 - 6*c - 4. Let x be j(-5). Suppose -o + 5*o = 32. What are the prime factors of 54/o + x/4?
7
Let j(h) = 2*h**2 - 5. Let g be j(-4). Let w be (-15)/(-10) - g/(-2). Let b = w - 8. What are the prime factors of b?
7
Let o(x) = -19*x - 7. Let d(i) = 6*i + 2. Let n(h) = 7*d(h) + 2*o(h). Let a be n(1). What are the prime factors of (a + 0)*3/2?
2, 3
Let d = 7 - 5. Suppose -2*x + 56 = d*x + 4*p, -3*x = -3*p - 36. List the prime factors of x.
13
Let s be 4/6*(-3 - 0). Let n = 4 + s. Suppose -3*p - 19 = -3*t + 29, n*t = p + 29. List the prime factors of t.
13
Suppose -3 + 11 = -2*n, 0 = -5*c + 5*n + 560. List the prime factors of c.
2, 3
Suppose -19*w = -24*w + 750. What are the prime factors of w?
2, 3, 5
Let z = 18 + -14. What are the prime factors of (-16)/4*(-39)/z?
3, 13
Let f(x) = x**3 + x**2 - 1. Let r(d) = -14*d**3 - 2*d**2 + 1. Let y(m) = -f(m) - r(m). List the prime factors of y(1).
2, 7
Let m be 4/6*45/6. Suppose -2*t = o + t + m, 2*t = -5*o + 40. Suppose -5*a - o = -55. What are the prime factors of a?
3
Suppose 0 = j - 10 - 1. List the prime factors of j.
11
Suppose -4*a = -4*i + 112, 5*i + 7*a = 4*a + 116. What are the prime factors of i?
5
Let q = -10 - -15. Suppose -k - 3*p + 19 = 0, -5*p + 20 = 2*k - 15. List the prime factors of (q/k)/(2/24).
2, 3
Suppose -156 = -5*p + 2*p. Let b = p + -78. Let t = -15 - b. What are the prime factors of t?
11
Let o be (0 - -1) + 2 + 0. Suppose 13 = o*v + 2*t, 2 + 27 = 5*v - 4*t. What are the prime factors of v?
5
Suppose -2*g = -4*s + 12, 9*s - 4*s = -2*g + 15. Suppose 12 = -s*a, -4*a = -0*v - 5*v + 96. List the prime factors of v.
2
Let z(o) = -o**2 + 1. Let v(h) = -h. Let p be v(1). Let s be z(p). What are the prime factors of 0 - (-9 + s) - -1?
2, 5
Let l be (-7)/(70/12)*5. Let q = 21 + l. What are the prime factors of q?
3, 5
Let p = -34 - -94. Suppose c + 4*c - p = 0. List the prime factors of c.
2, 3
Suppose 4*f - 20 = 0, 2*d + 5*f - 67 = -6. List the prime factors of d.
2, 3
Suppose 4*z - 5*g = 207, 110 = 2*z - 3*g + 7*g. What are the prime factors of z?
53
Let a be (3/((-12)/4))/(-1). Suppose -y + 5*d + a = 0, -27 = -5*y + 3*d - 0*d. What are the prime factors of y?
2, 3
Let z(c) = c**2 + 3*c - 5. List the prime factors of z(-6).
13
Suppose -8 = -4*y, -4*p + 234 = -6*y + 3*y. What are the prime factors of p?
2, 3, 5
Suppose -4*q + 67 = -65. List the prime factors of 918/q - 10/(-55).
2, 7
Let a = -13 - -1. Let n = 33 + a. List the prime factors of n.
3, 7
Suppose 2*w - 7*w = -2*z + 24, 0 = -3*w - 5*z - 33. Let l = 8 + w. What are the prime factors of l?
2
Let o be 36/((-11)/(-3) - 3). Let a = -26 + o. What are the prime factors of a?
2, 7
Let z = 325 + -218. List the prime factors of z.
107
Suppose 0 = -k - l + 13, -3*k - 3*l + 31 = -2*l. Let u(n) = n**2 - 5*n - 2. What are the prime factors of u(k)?
2, 17
What are the prime factors of 558/5 + (-2)/(-5) + 0?
2, 7
Let q(s) = s + 7. Let o be q(-6). Let u(t) = 7*t**3 - t**2 + t. What are the prime factors of u(o)?
7
Suppose 0 = -5*x - 15 + 50. Let b(u) = u**2 - 4*u + 6. List the prime factors of b(x).
3
Let v(p) = 2*p - 1. Suppose -33 = -5*d - 13. What are the prime factors of v(d)?
7
Suppose 0 = 2*k - k. Suppose k = -o - 2*o + 48. What are the prime factors of o?
2
Let k(w) = w + 1. Let t be k(1). Suppose b + t = 2*b. Suppose b = 2*o - o. List the prime factors of o.
2
Suppose -179 - 269 = -4*m. What are the prime factors of m?
2, 7
Suppose -4*q - 2*q + 300 = 0. List the prime factors of q.
2, 5
Let q(j) = -j**3 + j + 80. List the prime factors of q(0).
2, 5
Let r(b) = 15*b + 20*b + 3 - 4. Let m be r(1). Suppose -2*x + 8 = 4*v - 24, -3*x = 4*v - m. List the prime factors of v.
7
Suppose 3*k - 5*n = 47, 6*n - n = -5*k + 65. Suppose -v - 16 = -7. Let a = v + k. What are the prime factors of a?
5
Suppose 0 = 3*j + 5*y + 10, -2*y = 5*j + 3*y. List the prime factors of j.
5
What are the prime factors of (-2 + 1)*(0 + -37)?
37
Let f be (5/(-10))/((-2)/4). List the prime factors of (f/1)/((-5)/(-55)).
11
Let i be (1 - 22)*(1 - 0). What are the prime factors of (-2 - (i - -3)) + 0?
2
Let m(h) = -3*h + 6. Let v(o) = 4*o - 6. Let a(d) = 3*m(d) + 2*v(d). What are the prime factors of a(-7)?
13
Suppose -2*c + 3*s = -41, -4*c - 5*s + 103 + 12 = 0. Suppose -5*f = -3*t + 7, 2*f = -5*t + 28 + c. What are the prime factors of t?
3
Let d = 15 - 17. What are the prime factors of 103/5 - d/5?
3, 7
Let r = 15 - 6. Let b = r + -3. List the prime factors of b.
2, 3
Let r(b) = -b**3 + 10*b**2 + 10*b - 10. Let s be r(11). Let q = -5 - s. What are the prime factors of q?
2
Suppose c - a = -c + 6, -2*c = 2*a - 18. Suppose 4*m + 2*v = -m + c, -3*v - 12 = m. Let n = 0 + m. What are the prime factors of n?
3
Let i = 6 + -6. Suppose i = -2*x + m - 30, 5*x = 2*m - 6*m - 75. What are the prime factors of (-1 - 9/x)*-10?
2
Let h(n) = -n**3. Let r(x) = x - 7. Let k be r(6). Let y be h(k). List the prime factors of y + 0 + (14 - -3).
2, 3
Let q be 1*(-3 - (-1 - 1)). Let w = q + 15. What are the prime factors of w?
2, 7
Let i = -10 - -14. Suppose 32 = 5*d - 58. Suppose i = -2*j + d. List the prime factors of j.
7
Suppose -2*o + 0*o = 3*f + 24, -o - 4*f - 22 = 0. List the prime factors of 150/14 - o/21.
11
Let z = -15 - -11. List the prime factors of 8/6*(-30)/z.
2, 5
Let o(g) = g**2 + 2*g - 8. Let v be o(-7). List the prime factors of v + (-4)/8*6.
2, 3
Suppose 57 = d + v, 0 = -3*d - d + 3*v + 256. List the prime factors of d.
61
List the prime factors of 6/15 + (-163)/(-5).
3, 11
Let o(v) = 5*v - 2. Suppose 16 = 3*u + u. What are the prime factors of o(u)?
2, 3
Let f = -1 - 0. Let y be (-5 - -3)*-1*-1. List the prime factors of ((-4)/y - 6)*f.
2
Let a(g) = 3*g + 1. List the prime factors of a(8).
5
Suppose 0 = -q + 6 - 0. Let w = 0 + q. What are the prime factors of w?
2, 3
Suppose 0 = -0*h + 4*h. What are the prime factors of h + 2 - 0/(-5)?
2
Let v = 66 - 50. L